[INFO] fetching crate korat_derive 0.1.3...
[INFO] checking korat_derive-0.1.3 against master#cfbc6d4cf1acbac5c025acf8ed68929caa551df3 for pr-75494-beta
[INFO] extracting crate korat_derive 0.1.3 into /workspace/builds/worker-0/source
[INFO] validating manifest of crates.io crate korat_derive 0.1.3 on toolchain cfbc6d4cf1acbac5c025acf8ed68929caa551df3
[INFO] running `Command { std: "/workspace/cargo-home/bin/cargo" "+cfbc6d4cf1acbac5c025acf8ed68929caa551df3" "read-manifest" "--manifest-path" "Cargo.toml", kill_on_drop: false }`
[INFO] started tweaking crates.io crate korat_derive 0.1.3
[INFO] finished tweaking crates.io crate korat_derive 0.1.3
[INFO] tweaked toml for crates.io crate korat_derive 0.1.3 written to /workspace/builds/worker-0/source/Cargo.toml
[INFO] running `Command { std: "/workspace/cargo-home/bin/cargo" "+cfbc6d4cf1acbac5c025acf8ed68929caa551df3" "generate-lockfile" "--manifest-path" "Cargo.toml" "-Zno-index-update", kill_on_drop: false }`
[INFO] running `Command { std: "/workspace/cargo-home/bin/cargo" "+cfbc6d4cf1acbac5c025acf8ed68929caa551df3" "fetch" "--locked" "--manifest-path" "Cargo.toml", kill_on_drop: false }`
[INFO] [stderr]  Downloading crates ...
[INFO] [stderr]   Downloaded rusoto_dynamodb v0.45.0
[INFO] [stderr]   Downloaded korat v0.1.3
[INFO] running `Command { std: "docker" "create" "-v" "/var/lib/crater-agent-workspace/builds/worker-0/target:/opt/rustwide/target:rw,Z" "-v" "/var/lib/crater-agent-workspace/builds/worker-0/source:/opt/rustwide/workdir:ro,Z" "-v" "/var/lib/crater-agent-workspace/cargo-home:/opt/rustwide/cargo-home:ro,Z" "-v" "/var/lib/crater-agent-workspace/rustup-home:/opt/rustwide/rustup-home:ro,Z" "-e" "SOURCE_DIR=/opt/rustwide/workdir" "-e" "CARGO_TARGET_DIR=/opt/rustwide/target" "-e" "CARGO_HOME=/opt/rustwide/cargo-home" "-e" "RUSTUP_HOME=/opt/rustwide/rustup-home" "-w" "/opt/rustwide/workdir" "-m" "1610612736" "--user" "0:0" "--network" "none" "rustops/crates-build-env@sha256:a636fd89d022f18117e1dc8fb37a0a009933cdbbe082814857f0e2024962d47c" "/opt/rustwide/cargo-home/bin/cargo" "+cfbc6d4cf1acbac5c025acf8ed68929caa551df3" "metadata" "--no-deps" "--format-version=1", kill_on_drop: false }`
[INFO] [stdout] 87a03517e3f270b6a81eb8b50cf5d475b07e052fbf980c749fa22e1eace948b7
[INFO] [stderr] WARNING: Your kernel does not support swap limit capabilities or the cgroup is not mounted. Memory limited without swap.
[INFO] running `Command { std: "docker" "start" "-a" "87a03517e3f270b6a81eb8b50cf5d475b07e052fbf980c749fa22e1eace948b7", kill_on_drop: false }`
[INFO] running `Command { std: "docker" "inspect" "87a03517e3f270b6a81eb8b50cf5d475b07e052fbf980c749fa22e1eace948b7", kill_on_drop: false }`
[INFO] running `Command { std: "docker" "rm" "-f" "87a03517e3f270b6a81eb8b50cf5d475b07e052fbf980c749fa22e1eace948b7", kill_on_drop: false }`
[INFO] [stdout] 87a03517e3f270b6a81eb8b50cf5d475b07e052fbf980c749fa22e1eace948b7
[INFO] running `Command { std: "docker" "create" "-v" "/var/lib/crater-agent-workspace/builds/worker-0/target:/opt/rustwide/target:rw,Z" "-v" "/var/lib/crater-agent-workspace/builds/worker-0/source:/opt/rustwide/workdir:ro,Z" "-v" "/var/lib/crater-agent-workspace/cargo-home:/opt/rustwide/cargo-home:ro,Z" "-v" "/var/lib/crater-agent-workspace/rustup-home:/opt/rustwide/rustup-home:ro,Z" "-e" "SOURCE_DIR=/opt/rustwide/workdir" "-e" "CARGO_TARGET_DIR=/opt/rustwide/target" "-e" "CARGO_INCREMENTAL=0" "-e" "RUST_BACKTRACE=full" "-e" "RUSTFLAGS=--cap-lints=forbid" "-e" "CARGO_HOME=/opt/rustwide/cargo-home" "-e" "RUSTUP_HOME=/opt/rustwide/rustup-home" "-w" "/opt/rustwide/workdir" "-m" "1610612736" "--user" "0:0" "--network" "none" "rustops/crates-build-env@sha256:a636fd89d022f18117e1dc8fb37a0a009933cdbbe082814857f0e2024962d47c" "/opt/rustwide/cargo-home/bin/cargo" "+cfbc6d4cf1acbac5c025acf8ed68929caa551df3" "check" "--frozen" "--all" "--all-targets" "--message-format=json", kill_on_drop: false }`
[INFO] [stdout] cf26105a5b30c86fa0ab1e81c2b282b5f8fb98a6b9f3ea213f9108a4734d22c1
[INFO] [stderr] WARNING: Your kernel does not support swap limit capabilities or the cgroup is not mounted. Memory limited without swap.
[INFO] running `Command { std: "docker" "start" "-a" "cf26105a5b30c86fa0ab1e81c2b282b5f8fb98a6b9f3ea213f9108a4734d22c1", kill_on_drop: false }`
[INFO] [stderr]    Compiling libc v0.2.76
[INFO] [stderr]    Compiling proc-macro2 v1.0.19
[INFO] [stderr]    Compiling unicode-xid v0.2.1
[INFO] [stderr]    Compiling syn v1.0.39
[INFO] [stderr]    Compiling autocfg v1.0.1
[INFO] [stderr]    Compiling log v0.4.11
[INFO] [stderr]    Compiling memchr v2.3.3
[INFO] [stderr]    Compiling version_check v0.9.2
[INFO] [stderr]    Compiling proc-macro-hack v0.5.18
[INFO] [stderr]    Compiling pin-project-internal v0.4.23
[INFO] [stderr]    Compiling proc-macro-nested v0.1.6
[INFO] [stderr]    Compiling typenum v1.12.0
[INFO] [stderr]    Compiling cfg-if v0.1.10
[INFO] [stderr]    Compiling cc v1.0.59
[INFO] [stderr]    Compiling pkg-config v0.3.18
[INFO] [stderr]    Compiling serde_derive v1.0.115
[INFO] [stderr]    Compiling serde v1.0.115
[INFO] [stderr]    Compiling httparse v1.3.4
[INFO] [stderr]    Compiling ryu v1.0.5
[INFO] [stderr]    Compiling lazy_static v1.4.0
[INFO] [stderr]    Compiling openssl v0.10.30
[INFO] [stderr]     Checking slab v0.4.2
[INFO] [stderr]     Checking futures-core v0.3.5
[INFO] [stderr]    Compiling native-tls v0.2.4
[INFO] [stderr]    Compiling serde_json v1.0.57
[INFO] [stderr]     Checking bytes v0.5.6
[INFO] [stderr]     Checking futures-sink v0.3.5
[INFO] [stderr]     Checking fnv v1.0.7
[INFO] [stderr]     Checking once_cell v1.4.1
[INFO] [stderr]     Checking pin-project-lite v0.1.7
[INFO] [stderr]     Checking futures-io v0.3.5
[INFO] [stderr]     Checking pin-utils v0.1.0
[INFO] [stderr]     Checking itoa v0.4.6
[INFO] [stderr]     Checking foreign-types-shared v0.1.1
[INFO] [stderr]     Checking try-lock v0.2.3
[INFO] [stderr]     Checking tower-service v0.3.0
[INFO] [stderr]     Checking regex-syntax v0.6.18
[INFO] [stderr]     Checking subtle v2.2.3
[INFO] [stderr]     Checking openssl-probe v0.1.2
[INFO] [stderr]     Checking cpuid-bool v0.1.2
[INFO] [stderr]     Checking opaque-debug v0.3.0
[INFO] [stderr]     Checking percent-encoding v2.1.0
[INFO] [stderr]    Compiling zeroize v1.1.0
[INFO] [stderr]     Checking md5 v0.7.0
[INFO] [stderr]     Checking hex v0.4.2
[INFO] [stderr]     Checking base64 v0.12.3
[INFO] [stderr]     Checking xml-rs v0.8.3
[INFO] [stderr]    Compiling quick-error v2.0.0
[INFO] [stderr]     Checking tracing-core v0.1.14
[INFO] [stderr]    Compiling thread_local v1.0.1
[INFO] [stderr]    Compiling generic-array v0.14.4
[INFO] [stderr]    Compiling standback v0.2.9
[INFO] [stderr]    Compiling time v0.2.16
[INFO] [stderr]     Checking futures-channel v0.3.5
[INFO] [stderr]     Checking futures-task v0.3.5
[INFO] [stderr]    Compiling hashbrown v0.8.2
[INFO] [stderr]    Compiling indexmap v1.5.1
[INFO] [stderr]    Compiling num-traits v0.2.12
[INFO] [stderr]    Compiling num-integer v0.1.43
[INFO] [stderr]     Checking foreign-types v0.3.2
[INFO] [stderr]     Checking http v0.2.1
[INFO] [stderr]    Compiling bitflags v1.2.1
[INFO] [stderr]    Compiling crc32fast v1.2.0
[INFO] [stderr]     Checking tracing v0.1.19
[INFO] [stderr]     Checking want v0.3.0
[INFO] [stderr]    Compiling rusoto_core v0.45.0
[INFO] [stderr]     Checking aho-corasick v0.7.13
[INFO] [stderr]     Checking quote v1.0.7
[INFO] [stderr]     Checking net2 v0.2.34
[INFO] [stderr]     Checking iovec v0.1.4
[INFO] [stderr]     Checking signal-hook-registry v1.2.1
[INFO] [stderr]     Checking time v0.1.43
[INFO] [stderr]     Checking socket2 v0.3.12
[INFO] [stderr]     Checking dirs-sys v0.3.5
[INFO] [stderr]    Compiling openssl-sys v0.9.58
[INFO] [stderr]     Checking mio v0.6.22
[INFO] [stderr]     Checking dirs v2.0.2
[INFO] [stderr]     Checking http-body v0.3.1
[INFO] [stderr]    Compiling regex v1.3.9
[INFO] [stderr]     Checking digest v0.9.0
[INFO] [stderr]     Checking crypto-mac v0.8.0
[INFO] [stderr]     Checking block-buffer v0.9.0
[INFO] [stderr]    Compiling mio-uds v0.6.8
[INFO] [stderr]     Checking hmac v0.8.1
[INFO] [stderr]     Checking sha2 v0.9.1
[INFO] [stderr]    Compiling tokio-macros v0.2.5
[INFO] [stderr]    Compiling futures-macro v0.3.5
[INFO] [stderr]    Compiling time-macros-impl v0.1.1
[INFO] [stderr]    Compiling async-trait v0.1.38
[INFO] [stderr]     Checking tokio v0.2.22
[INFO] [stderr]     Checking time-macros v0.1.0
[INFO] [stderr]     Checking pin-project v0.4.23
[INFO] [stderr]    Compiling futures-util v0.3.5
[INFO] [stderr]     Checking tokio-util v0.3.1
[INFO] [stderr]     Checking tokio-tls v0.3.1
[INFO] [stderr]     Checking h2 v0.2.6
[INFO] [stderr]     Checking futures-executor v0.3.5
[INFO] [stderr]     Checking futures v0.3.5
[INFO] [stderr]     Checking chrono v0.4.15
[INFO] [stderr]     Checking hyper v0.13.7
[INFO] [stderr]     Checking rusoto_credential v0.45.0
[INFO] [stderr]     Checking hyper-tls v0.4.3
[INFO] [stderr]     Checking rusoto_signature v0.45.0
[INFO] [stderr]     Checking rusoto_dynamodb v0.45.0
[INFO] [stderr]     Checking korat v0.1.3
[INFO] [stdout] error[E0554]: `#![feature]` may not be used on the beta release channel
[INFO] [stdout]  --> /opt/rustwide/cargo-home/registry/src/github.com-1ecc6299db9ec823/korat-0.1.3/src/lib.rs:1:1
[INFO] [stdout]   |
[INFO] [stdout] 1 | #![feature(try_from)]
[INFO] [stdout]   | ^^^^^^^^^^^^^^^^^^^^^
[INFO] [stdout] 
[INFO] [stdout] 
[INFO] [stdout] error[E0277]: a value of type `std::collections::HashSet<std::vec::Vec<u8>>` cannot be built from an iterator over elements of type `bytes::bytes::Bytes`
[INFO] [stdout]   --> /opt/rustwide/cargo-home/registry/src/github.com-1ecc6299db9ec823/korat-0.1.3/src/lib.rs:83:50
[INFO] [stdout]    |
[INFO] [stdout] 83 |             .and_then(|mut vec| Ok(vec.drain(..).collect()))
[INFO] [stdout]    |                                                  ^^^^^^^ value of type `std::collections::HashSet<std::vec::Vec<u8>>` cannot be built from `std::iter::Iterator<Item=bytes::bytes::Bytes>`
[INFO] [stdout]    |
[INFO] [stdout]    = help: the trait `std::iter::FromIterator<bytes::bytes::Bytes>` is not implemented for `std::collections::HashSet<std::vec::Vec<u8>>`
[INFO] [stdout] 
[INFO] [stdout] 
[INFO] [stdout] error[E0277]: a value of type `std::vec::Vec<bytes::bytes::Bytes>` cannot be built from an iterator over elements of type `std::vec::Vec<u8>`
[INFO] [stdout]   --> /opt/rustwide/cargo-home/registry/src/github.com-1ecc6299db9ec823/korat-0.1.3/src/lib.rs:87:43
[INFO] [stdout]    |
[INFO] [stdout] 87 |         attribute_value!(bs, self.drain().collect())
[INFO] [stdout]    |                                           ^^^^^^^ value of type `std::vec::Vec<bytes::bytes::Bytes>` cannot be built from `std::iter::Iterator<Item=std::vec::Vec<u8>>`
[INFO] [stdout]    |
[INFO] [stdout]    = help: the trait `std::iter::FromIterator<std::vec::Vec<u8>>` is not implemented for `std::vec::Vec<bytes::bytes::Bytes>`
[INFO] [stdout] 
[INFO] [stdout] 
[INFO] [stdout] error[E0308]: mismatched types
[INFO] [stdout]   --> /opt/rustwide/cargo-home/registry/src/github.com-1ecc6299db9ec823/korat-0.1.3/src/lib.rs:95:9
[INFO] [stdout]    |
[INFO] [stdout] 94 |     ) -> ConversionResult<Self> {
[INFO] [stdout]    |          ---------------------- expected `std::result::Result<std::vec::Vec<u8>, errors::ConversionError>` because of return type
[INFO] [stdout] 95 |         attribute_value.b.ok_or(ConversionError::MissingValue)
[INFO] [stdout]    |         ^^^^^^^^^^^^^^^^^^^^^^^^^^^^^^^^^^^^^^^^^^^^^^^^^^^^^^ expected struct `std::vec::Vec`, found struct `bytes::bytes::Bytes`
[INFO] [stdout]    |
[INFO] [stdout]    = note: expected enum `std::result::Result<std::vec::Vec<u8>, _>`
[INFO] [stdout]               found enum `std::result::Result<bytes::bytes::Bytes, _>`
[INFO] [stdout] 
[INFO] [stdout] 
[INFO] [stdout] error[E0308]: mismatched types
[INFO] [stdout]   --> /opt/rustwide/cargo-home/registry/src/github.com-1ecc6299db9ec823/korat-0.1.3/src/lib.rs:99:29
[INFO] [stdout]    |
[INFO] [stdout] 99 |         attribute_value!(b, self)
[INFO] [stdout]    |                             ^^^^ expected struct `bytes::bytes::Bytes`, found struct `std::vec::Vec`
[INFO] [stdout]    |
[INFO] [stdout]    = note: expected struct `bytes::bytes::Bytes`
[INFO] [stdout]               found struct `std::vec::Vec<u8>`
[INFO] [stdout] 
[INFO] [stdout] 
[INFO] [stdout] error: aborting due to 5 previous errors
[INFO] [stdout] 
[INFO] [stdout] 
[INFO] [stdout] Some errors have detailed explanations: E0277, E0308, E0554.
[INFO] [stdout] 
[INFO] [stdout] For more information about an error, try `rustc --explain E0277`.
[INFO] [stdout] 
[INFO] [stderr] error: could not compile `korat`.
[INFO] [stderr] 
[INFO] [stderr] To learn more, run the command again with --verbose.
[INFO] [stderr] warning: build failed, waiting for other jobs to finish...
[INFO] [stderr] error: build failed
[INFO] running `Command { std: "docker" "inspect" "cf26105a5b30c86fa0ab1e81c2b282b5f8fb98a6b9f3ea213f9108a4734d22c1", kill_on_drop: false }`
[INFO] running `Command { std: "docker" "rm" "-f" "cf26105a5b30c86fa0ab1e81c2b282b5f8fb98a6b9f3ea213f9108a4734d22c1", kill_on_drop: false }`
[INFO] [stdout] cf26105a5b30c86fa0ab1e81c2b282b5f8fb98a6b9f3ea213f9108a4734d22c1
